{"id":116,"date":"2013-06-03T12:22:56","date_gmt":"2013-06-03T12:22:56","guid":{"rendered":"http:\/\/www.soledadurtubey.com.ar\/?page_id=116"},"modified":"2015-04-04T14:10:29","modified_gmt":"2015-04-04T17:10:29","slug":"rse-y-participacion-institucional","status":"publish","type":"page","link":"http:\/\/www.soledadurtubey.com.ar\/?page_id=116","title":{"rendered":"RSE"},"content":{"rendered":"<p><strong>\u2022 Fundadora y Presidente de Expo Solidaria 2011 (<a href=\"http:\/\/www.exposolidaria.com.ar\">www.exposolidaria.com.ar<\/a>)<\/strong><br \/>\n&#8211; El fortalecimiento institucional de organizaciones sociales de bien publico de la Argentina, mediante la realizaci\u00f3n de Exposolidaria.<br \/>\n&#8211; Difundir los principios, finalidades, tareas y acciones de las Asociaciones, Fundaciones y\/u ONG de Argentina con el objetivo de concientizar \u00a0al publico en general sobre ellas.<br \/>\n&#8211; Construir mayores y mejores vinculos entre las Asociaciones, Fundaciones y ONG mediante el rico intercambio de sus trabajos y experiencias entre ellas.<br \/>\n&#8211; \u00a0Interactuar, sensibilizar y confraternizar con el publico.<br \/>\n&#8211; La concientizaci\u00f3n de empresarios, medios de comunicaci\u00f3n e instituciones educativas en Responsabilidad Social.<\/p>\n<p><strong>\u2022 Fundadora y Directora de la Revista Esperanza y Compromiso (2011 a la actualidad, Directora Editorial)<br \/>\n<\/strong>A trav\u00e9s de un espacio digital &#8211; factilitar el contacto y alianzas directas entre Empresas &#8211; Publico y ONG para promover un circulo virtuoso de SUSTENTABILIDAD;<\/p>\n<p>Para que las empresas puedan PATROCINAR algun programa de Organizaciones Sociales&#8230;<\/p>\n<p>Para que empresas CANALICEN su Compromiso Social Empresarial junto a una ONG de cualquier punto del Pa\u00eds (que desarrollen actividades a fines a sus pol\u00edticas de RSE.<\/p>\n<p>Para que los ciudadanos comprometidos con la realidad social puedan COLABORAR individualmente en necesidades coyunturales de las ONG&#8230;<\/p>\n<p><strong>Compromiso Institucional<\/strong><\/p>\n<p>Con el objetivo de sumarnos al compromiso de contribuir a consolidar el crecimiento de esta actividad, nos asociamos y participamos activamente en Instituciones no gubernamentales:<\/p>\n<p>Sol del Norte Eventos es miembro asociado de:<\/p>\n<p>2005 a la Fecha \u2022 Camara de Turismo de Salta (<a href=\"http:\/\/www.turismoensalta.com\">www.turismoensalta.com<\/a>)<br \/>\n2006 al 2007 \u2022 FEDECATUR (vocal tercero)\u00a0\u00a0(www.<b>fedecatur<\/b>.org)<br \/>\n2007 a la Fecha \u2022 Salta Convention &amp; Visitors Bureau (<a href=\"http:\/\/www.turismoensalta.com\">www.saltaconvention.com<\/a>)<br \/>\n2008 a la Fecha \u2022 Asociacion Argentina de Organizadores de Congresos (<a href=\"http:\/\/www.aoca.org.ar\">www.aoca.org.ar<\/a>)<br \/>\n2009 a la Fecha \u2022 International Congress and Convention Association (<a href=\"http:\/\/www.aoca.org.ar\">www.iccaworld.com<\/a>)<br \/>\n2012 a la Fecha \u2022\u00a0La tierra habla: \u00abRed de Mujeres por la Sustentabilidad\u00bb<\/p>\n<p><strong>Premios<br \/>\n<\/strong>\u2022\u00a0Menci\u00f3n otorgada por la Secretaria de la Gobernaci\u00f3n de Turismo de la Provincia de Salta, por su contribuci\u00f3n a la promoci\u00f3n y desarrollo del turismo en la Provincia (2002)\u00a0<strong><br \/>\n<\/strong><\/p>\n<p>\u2022\u00a0Menci\u00f3n otorgada por el Ministerio de Turismo de la Provincia de Salta,\u00a0por el compromiso con la calidad tur\u00edstica (2013)<\/p>\n","protected":false},"excerpt":{"rendered":"<p>\u2022 Fundadora y Presidente de Expo Solidaria 2011 (www.exposolidaria.com.ar) &#8211; El fortalecimiento institucional de organizaciones sociales de bien publico de la Argentina, mediante la realizaci\u00f3n de Exposolidaria. &#8211; Difundir los principios, finalidades, tareas y acciones de las Asociaciones, Fundaciones y\/u ONG de Argentina con el objetivo de concientizar \u00a0al publico en general sobre ellas. &#8211; [&hellip;]<\/p>\n","protected":false},"author":2,"featured_media":0,"parent":0,"menu_order":0,"comment_status":"closed","ping_status":"closed","template":"","meta":{"footnotes":""},"_links":{"self":[{"href":"http:\/\/www.soledadurtubey.com.ar\/index.php?rest_route=\/wp\/v2\/pages\/116"}],"collection":[{"href":"http:\/\/www.soledadurtubey.com.ar\/index.php?rest_route=\/wp\/v2\/pages"}],"about":[{"href":"http:\/\/www.soledadurtubey.com.ar\/index.php?rest_route=\/wp\/v2\/types\/page"}],"author":[{"embeddable":true,"href":"http:\/\/www.soledadurtubey.com.ar\/index.php?rest_route=\/wp\/v2\/users\/2"}],"replies":[{"embeddable":true,"href":"http:\/\/www.soledadurtubey.com.ar\/index.php?rest_route=%2Fwp%2Fv2%2Fcomments&post=116"}],"version-history":[{"count":7,"href":"http:\/\/www.soledadurtubey.com.ar\/index.php?rest_route=\/wp\/v2\/pages\/116\/revisions"}],"predecessor-version":[{"id":590,"href":"http:\/\/www.soledadurtubey.com.ar\/index.php?rest_route=\/wp\/v2\/pages\/116\/revisions\/590"}],"wp:attachment":[{"href":"http:\/\/www.soledadurtubey.com.ar\/index.php?rest_route=%2Fwp%2Fv2%2Fmedia&parent=116"}],"curies":[{"name":"wp","href":"https:\/\/api.w.org\/{rel}","templated":true}]}}

<p><strong>• Fundadora y Presidente de Expo Solidaria 2011 (<a href="http://www.exposolidaria.com.ar">www.exposolidaria.com.ar</a>)</strong><br />
&#8211; El fortalecimiento institucional de organizaciones sociales de bien publico de la Argentina, mediante la realización de Exposolidaria.<br />
&#8211; Difundir los principios, finalidades, tareas y acciones de las Asociaciones, Fundaciones y/u ONG de Argentina con el objetivo de concientizar  al publico en general sobre ellas.<br />
&#8211; Construir mayores y mejores vinculos entre las Asociaciones, Fundaciones y ONG mediante el rico intercambio de sus trabajos y experiencias entre ellas.<br />
&#8211;  Interactuar, sensibilizar y confraternizar con el publico.<br />
&#8211; La concientización de empresarios, medios de comunicación e instituciones educativas en Responsabilidad Social.</p>
<p><strong>• Fundadora y Directora de la Revista Esperanza y Compromiso (2011 a la actualidad, Directora Editorial)<br />
</strong>A través de un espacio digital &#8211; factilitar el contacto y alianzas directas entre Empresas &#8211; Publico y ONG para promover un circulo virtuoso de SUSTENTABILIDAD;</p>
<p>Para que las empresas puedan PATROCINAR algun programa de Organizaciones Sociales&#8230;</p>
<p>Para que empresas CANALICEN su Compromiso Social Empresarial junto a una ONG de cualquier punto del País (que desarrollen actividades a fines a sus políticas de RSE.</p>
<p>Para que los ciudadanos comprometidos con la realidad social puedan COLABORAR individualmente en necesidades coyunturales de las ONG&#8230;</p>
<p><strong>Compromiso Institucional</strong></p>
<p>Con el objetivo de sumarnos al compromiso de contribuir a consolidar el crecimiento de esta actividad, nos asociamos y participamos activamente en Instituciones no gubernamentales:</p>
<p>Sol del Norte Eventos es miembro asociado de:</p>
<p>2005 a la Fecha • Camara de Turismo de Salta (<a href="http://www.turismoensalta.com">www.turismoensalta.com</a>)<br />
2006 al 2007 • FEDECATUR (vocal tercero)  (www.<b>fedecatur</b>.org)<br />
2007 a la Fecha • Salta Convention &amp; Visitors Bureau (<a href="http://www.turismoensalta.com">www.saltaconvention.com</a>)<br />
2008 a la Fecha • Asociacion Argentina de Organizadores de Congresos (<a href="http://www.aoca.org.ar">www.aoca.org.ar</a>)<br />
2009 a la Fecha • International Congress and Convention Association (<a href="http://www.aoca.org.ar">www.iccaworld.com</a>)<br />
2012 a la Fecha • La tierra habla: «Red de Mujeres por la Sustentabilidad»</p>
<p><strong>Premios<br />
</strong>• Mención otorgada por la Secretaria de la Gobernación de Turismo de la Provincia de Salta, por su contribución a la promoción y desarrollo del turismo en la Provincia (2002) <strong><br />
</strong></p>
<p>• Mención otorgada por el Ministerio de Turismo de la Provincia de Salta, por el compromiso con la calidad turística (2013)</p>

<p>• Fundadora y Presidente de Expo Solidaria 2011 (www.exposolidaria.com.ar) &#8211; El fortalecimiento institucional de organizaciones sociales de bien publico de la Argentina, mediante la realización de Exposolidaria. &#8211; Difundir los principios, finalidades, tareas y acciones de las Asociaciones, Fundaciones y/u ONG de Argentina con el objetivo de concientizar  al publico en general sobre ellas. &#8211; [&hellip;]</p>
